u**2 + u - 12. Let j(g) = 2*g**3 - 2*g**2 - 1. Let p(l) = 5*j(l) - s(l). What is p(0)?
7
Let b = 7 + -11. Let u(g) = -6 + 16*g + 14*g - 36*g. Give u(b).
18
Suppose 0 = 4*n - n - 9, -3*z + 5*n - 21 = 0. Let y(h) = -h**3 + h**2 + 3*h + 1. Give y(z).
7
Let a(t) = -27*t + 5. Let u(y) = 72*y - 14. Let v(l) = -22*a(l) - 8*u(l). Give v(0).
2
Let y be (2 - (-1)/(-1))/((-3)/(-15)). Let b(l) = 4*l - 16*l + 2 + y*l - l**2 + 4*l. Determine b(-3).
2
Suppose 3*k - 35 = 4*b, 0*k = -5*k + 2*b + 35. Suppose -3*n = -k*n + 6. Let c be n/(((-16)/4)/4). Let j(s) = -s**2 - s + 3. What is j(c)?
-3
Let v(p) = -7*p**2 + 1. Let s = 16 - 10. Suppose 4*x = -s - 14. Let t(h) = -13*h**2 + 2. Let u(d) = x*v(d) + 3*t(d). What is u(1)?
-3
Let c = -101 + 103. Let u(v) = 4*v - 3. Give u(c).
5
Let y(f) = 4*f + 392 + 388 - 1164 + 383 + 2*f. Determine y(-4).
-25
Let s(a) = a**2 - 4*a - 69. Let l be s(10). Let m(v) = -v - 1. Determine m(l).
8
Let f be (12/(-10))/((4/10)/(-2)). Suppose 18 = -12*d + f. Let y(j) = -9*j**3 - 2*j**2 - 2*j - 1. Determine y(d).
8
Let l(u) = -5*u**3 + 12*u**2 + 1. Let a(c) = c**3 - c**2 - 1. Let k(w) = -4*a(w) - l(w). Let i(v) = v**2 + 3*v + 4. Let m be i(-4). Give k(m).
3
Let u(v) = 2*v**3 + v**2 + 8*v + 5. Let r(t) = -3*t**3 - 2*t**2 - 9*t - 7. Let y(s) = 3*r(s) + 4*u(s). What is y(-4)?
11
Suppose -15*d + 19*d + 32 = 0. Let l(s) = s - 9. Let b(t) = 6*t - 26 - 31 + 26 - 14. Let z(k) = -2*b(k) + 11*l(k). Determine z(d).
-1
Let i(t) = t + 9. Suppose 5*m - 10 = -w, 35*m = 36*m - 3. Determine i(w).
4
Suppose n - 1 = 4. Suppose b - n = -0*b. Let f(o) = o**3 - 6*o**2 + 3*o - 3. Let c(h) = -h**3 + 6*h**2 - 2*h + 4. Let m(q) = -2*c(q) - 3*f(q). Determine m(b).
1
Suppose 3*i - 27 = 3*w, -w = 5*i - 3*i - 6. Let r(t) = -5*t + 21. Let o = 20 - 31. Let u(n) = n - 4. Let z(d) = o*u(d) - 2*r(d). Calculate z(i).
-3
Suppose 5*y - 4*y = 2. Let z(o) = 7*o + 5. Let q(p) = p + 1. Let n(s) = 6*q(s) - z(s). Give n(y).
-1
Let d(v) = -9*v - 341. Let i be d(-37). Let z(u) = 3*u + 8. Give z(i).
-16
Let q be 4 + 2/(-3)*-6. Let t(j) be the first derivative of -j**4/4 + 3*j**3 - 4*j**2 + j - 3. Determine t(q).
1
Let y(f) = -f**2 + 2*f - 3 - 7*f - 1. Give y(-5).
-4
Let p(z) = z - 28. Let i(y) = 13. Let r(f) = 7*i(f) + 3*p(f). What is r(-3)?
-2
Let g(k) = -59*k + 1 + 30*k + 23*k - 7 + 2. What is g(0)?
-4
Let v(q) = 2*q - 48. Let u(y) = -y**2 - 34*y - 10. Let k be u(-33). Determine v(k).
-2
Let y(q) = q**3 + 5*q**2 - 2*q + 4. Let r be ((-5)/(-10))/(14/(-168)). Determine y(r).
-20
Suppose 12 + 0 = -4*b. Let c(g) be the second derivative of -g**5/20 - 5*g**4/12 - 2*g**3/3 + g**2/2 - 1367*g. Give c(b).
-5
Let c(v) = 12*v - 3. Let z be c(3). Let a(k) = 17 - z + k + 13. Calculate a(6).
3
Let x = 126 - 131. Let v(u) be the first derivative of 1 - 1/2*u**2 - 2*u. Give v(x).
3
Let g(x) be the first derivative of 8 - 3/2*x**2 - 2*x**3 - 1/4*x**4 + 6*x. Suppose 17 = -3*j - t, 0 = 3*j + j - t + 18. What is g(j)?
-4
Suppose -h - 24 = -21. Let v = 1 - h. Suppose -v*f = -6*f - 12. Let d(r) = r**3 + 5*r**2 - 7*r - 1. Give d(f).
5
Let p be -4 + 10 - (-2)/((-2)/1). Let z(s) = -7*s**3 - 4*s**2 + 6*s + 3. Let d(j) = j**3 + j**2 - j - 1. Let n(g) = p*d(g) + z(g). Give n(-2).
16
Let h(f) = -3*f + 1. Let u(d) = d**3 - 21*d**2 + 19*d - 11. Let b be u(20). Let r = 30 + b. Calculate h(r).
4
Let w(i) be the second derivative of 0*i**3 + 12*i - 1/12*i**4 - 1/10*i**5 + 0 + 0*i**2. Calculate w(-1).
1
Let v(c) = 8*c - 3. Let b(j) = -11*j + 6. Let r(o) = -3*b(o) - 5*v(o). Determine r(-5).
32
Let p(r) = r - 16. Suppose -52 - 2 = -6*y. Calculate p(y).
-7
Let n = -17 - -20. Suppose -3*f + 36 = n*f. Let z(i) = -i**2 + 5*i + 5. Determine z(f).
-1
Let d(n) = -170495 + n + 85248 + 85247. Let c be -5*(0 + 4/(-10)). Determine d(c).
2
Let m(i) = -i**2 - 5*i + 1. Suppose -f + 0*f - 5*o - 15 = 0, -o = 5*f + 27. Let k be m(f). Let y(l) = -21*l**3 - l**2 - l + 1. Calculate y(k).
-22
Let d be (-20)/(-15)*3/2. Suppose 1 = -d*q - 1. Let n(f) = -17*f - 1. Calculate n(q).
16
Let i(b) be the first derivative of b**4/4 - 7*b**3/3 + 5*b**2/2 + 3*b - 135. Suppose -3*f + 7*f - 24 = 0. Give i(f).
-3
Suppose 3*l - 129 - 384 = -3*w, -3*w - 2*l + 511 = 0. Let f(b) = 2*b - 1 + b**2 - 168*b**3 + 4 + w*b**3. What is f(-2)?
-5
Let t(o) = -2*o - 4. Let d(r) be the first derivative of -r**2/2 - 8*r + 3. Let s be d(0). Let q = -12 - s. Determine t(q).
4
Suppose -78*n - 12 = -82*n. Let k(x) = x**3 - 2*x**2 - 5*x + 4. Give k(n).
-2
Suppose -3 = 3*t - 5*m + 28, -5*t + 3*m = 25. Let a(p) = -p + 3. Let o be a(1). Let r(n) = -2 + 41*n**3 + 2*n + n**o + n**2 - 40*n**3. Determine r(t).
-6
Let a(g) = g**3 - 8*g**2 - g + 10. Suppose 5*p - 10 = 2*m, p = -m - m + 14. Suppose m*w - 6*c = -2*c + 40, 4*w = -3*c + 32. Give a(w).
2
Let l be (8/6)/((-72)/(-162)). Let s(o) = 3*o**2 - 4*o + 10*o**3 - 11*o**l + 7*o + 4. Calculate s(4).
0
Let h(g) = 3*g + 1. Suppose -6*p = -7*p + 3. Suppose 0 = 2*y - k, y + 2*y + p*k + 9 = 0. What is h(y)?
-2
Let g(t) = -7*t**2 - 13*t - 18. Let p(b) = 20*b**2 + 40*b + 53. Let r(y) = 17*g(y) + 6*p(y). Give r(-18).
-6
Let h(z) be the second derivative of 0*z**3 + 9*z + 1/12*z**4 + z**2 + 0. Give h(2).
6
Let j(f) = 3*f - 4. Let q be 15/3*-2*(-2)/4. Let n(t) = -7*t. Let i(m) = m. Let z(o) = -6*i(o) - n(o). Let a(c) = q*z(c) - j(c). Give a(-6).
-8
Let w(z) = 2*z**3 + 3*z**2 + z. Let h be w(-2). Let y(u) = -54*u - 15. Let r(c) = 149*c + 43. Let o(n) = -4*r(n) - 11*y(n). Determine o(h).
5
Suppose 0 = -3*z + 8*z - 30. Let w(o) = -30*o**3 - 15*o**2 + 4*o + 35. Let c(s) = 11*s**3 + 5*s**2 - 2*s - 12. Let d(j) = 11*c(j) + 4*w(j). Calculate d(z).
8
Let y be (-5)/(-1) - (-23)/23. Let d(k) = -k**3 + 6*k**2 + 2*k - 8. Give d(y).
4
Let b be (-1043)/49 + 2/7. Let k be (-4)/14 + (-90)/b. Let t(h) = -h**3 - 3 - k*h + 0 - 2*h**3 + 2*h**3. What is t(-2)?
13
Let a(v) = -v**2 - 8*v - 10. Let p(m) = -7*m - 18. Let n be p(-4). Suppose -2 = -4*y + n, 0 = -3*k + 2*y - 30. What is a(k)?
-10
Let l(g) = -22*g + 398. Let t be l(18). Let f(v) = -5*v**2 + 5*v - 5. Determine f(t).
-15
Let l(i) = 4 - 3 + i - 15*i**2 - 4*i**2 + 4*i**2. Let b(w) be the first derivative of w**4/4 - 4*w**3/3 - 2*w**2 - 6*w - 5. Let v be b(5). Determine l(v).
-15
Suppose 0*y = -4*y + 20. Let i(j) = -3 + 1 + 0 - 5*j**2 + j**3 + 3 + 2 - j. What is i(y)?
-2
Suppose -2*w = 3*w - 3*x - 42, 2*w - 21 = -3*x. Let r(h) be the first derivative of -h**4/4 + 8*h**3/3 + 9*h**2/2 + h - 6. Give r(w).
1
Let l be (-1)/((0 + 2)/(-6)). Let y be (-1)/3*18/(-2) - 0. Suppose 0 = l*m - 18 + y. Let h(v) = -v - 1. Give h(m).
-6
Suppose -4*c + 5*f - 1 + 10 = 0, 4 = -4*f. Let q(y) = -4 + 1 + 0 - 3*y**2 + c - 4*y. Determine q(-3).
-17
Let i(u) be the first derivative of -u**5/60 - u**4/12 + u**3/6 + 10*u**2 - 17. Let z(d) be the second derivative of i(d). What is z(-5)?
-14
Let v(u) = -u**2 - 10*u + 8. Let i(j) = -j**2 + 2*j. Let y(k) = 2*i(k) + v(k). What is y(4)?
-64
Suppose -4*l - 19 = 1. Let w(u) = 192*u**2 - 191*u**2 - 4 - 7*u + 13*u. What is w(l)?
-9
Let y = 22 + -7. Let t = -22 + y. Let w(o) = o**2 + 6*o - 9. Determine w(t).
-2
Let t(r) = r**2 - 3*r. Let i = -35 + 37. What is t(i)?
-2
Let v = -6 - -8. Let h(a) = 0 - 3*a - a**2 + v*a**2 - 1. Suppose 0 = -2582*r + 2589*r - 28. Determine h(r).
3
Suppose 0 = -w - 7 - 4. Let s(h) = -h**2 - 11*h - 2. Give s(w).
-2
Let h(v) = -3 - 2*v - v**2 + 7 + v. Suppose 0*j = 3*p - j - 14, -2*p - 3*j = -13. Suppose 5*y - p*i - 30 = 0, -3*i - 2*i = 15. What is h(y)?
-8
Suppose 23*f + 2*f + 150 = 0. Let b(m) = 2*m + 7. What is b(f)?
-5
Let v(f) = f - 3. Let c(i) = -5*i**2 + 12*i + 3. Let n(k) = -4*k**2 + 11*k + 3. Let x(s) = 5*c(s) - 6*n(s). Let j be x(-7). Let r be 4/j - (-2)/5. What is v(r)?
-3
Suppose 46 - 34 = 4*r. Let q(n) = r*n - 14*n + n**2 - 2 + 18*n - 5. Calculate q(-6).
-13
Let y(d) = 6*d - 65. Let p be y(12). Let h(a) = -a**3 + 9*a**2 - 16*a + 9. Give h(p).
-5
Suppose 0 = 3*s - 0*i + i - 71, 4*i = s - 28. Let f = -39 + s. Let r = f - -10. Let a(z) = -z**3 - 6*z**2 - 3*z + 1. Give a(r).
-9
Let h(s) = 7*s**2 - 2*s + 6. Let j(c) = -5*c**2 + 2*c - 4. Let r(t) = 3*h(t) + 4*j(t). Give r(-3).
5
Let q(z) = -z**2 - 4*z + 2. Suppose 0 = d - 25 + 23. Suppose 0 = 4*n + 5*p + 25, 0 = -3*n - 2*n - d*p - 10. Let i be 5/(1*(-1 + n)). Determine q(i).
-3
Let a(x) be the third derivative of